Let j(t) = t**3 - 6*t**2 - 8*t - 10. Determine j(p).
-17
Let x(q) = -4 - q + 5 + 8. Let y(b) = b - 10. Let c(k) = -6*x(k) - 5*y(k). Let n be (-3)/(-4 + 1) - -2. Give c(n).
-1
Let z be 5/15*(4 - 1). Let w be (18 - 9)*1/z. Let v(a) = 5*a**2 - 5*a - 6 + w - a**3 + 0*a**2. Calculate v(3).
6
Let b(y) = 10*y + 28. Let o(m) = 6*m + 27. Let v(h) = -2*b(h) + 3*o(h). Give v(8).
9
Let x(j) = -j**2 + 3*j - 1. Let m be 14 + (3 - 12) - 3. Calculate x(m).
1
Let u(j) = -6*j + 4. Let c be (-5 + (-4 - 2))/1. Determine u(c).
70
Let h(w) = -w**2 - 6*w - 5. Suppose 8*k + 510 = -2*k. Let m = k + 46. Give h(m).
0
Let f(u) = 23*u**3 - u. Let i = -662 + 663. Calculate f(i).
22
Suppose 4*n + 1209 = 1237. Let r(j) = -j**2 + 17. Calculate r(n).
-32
Let y(z) = -z**2 - 11*z + 9. Let a be (2325/(-165) - -3) + (-2)/(-22). What is y(a)?
9
Let x(o) be the second derivative of -o**5/40 + o**4/6 - 35*o**3/6 + 23*o. Let f(g) be the second derivative of x(g). Calculate f(5).
-11
Let x(i) be the second derivative of i**5/5 + i**4/12 - i**3/6 - i**2 + i - 2. What is x(-1)?
-4
Let a(i) = i**3 - 3*i**2 + 2*i + 1. Suppose 2*j - 10 = 3*d, d = -3*j - 0*d - 7. Let g(f) = f**2. Let k(z) = j*a(z) - 6*g(z). Calculate k(-3).
5
Let r(i) = i**3 - i**2 + 18. Suppose 2*b + 7*b - 9 = 0. Let g be (1/(-4)*0)/b. Determine r(g).
18
Suppose 33 = 8*x + 9. Suppose -x = -w + m - 2, -23 = -2*w - 5*m. Let b(p) = -p**3 + 3*p**2 + 4*p - 3. What is b(w)?
-3
Let p(k) be the second derivative of 3/2*k**2 + 2/3*k**3 + 5/12*k**4 + 0 - 18*k + 1/20*k**5. Calculate p(-2).
7
Suppose 4*v - 8 = -0*v, 3*p + 2*v = -17. Let i(w) be the third derivative of -w**5/60 - 11*w**4/24 - w**3 + 2430*w**2 - 2. What is i(p)?
22
Let q(l) = l**3 - 6*l**2 + 6*l. Let a(h) = 2*h - 8. Let u be a(6). Let p(d) = 4*d**2 - 10*d - 2*d**2 - u - 3*d**2 + 0. Let x be p(-9). Calculate q(x).
5
Let q(h) = -h**2 - h - 1. Let k be 411/(-45) + (-18)/(-135). Let g be ((-21)/14)/(k/(-12)). Determine q(g).
-3
Let g be (2/6)/((-1)/(-6)). Let x(j) = -3 + 4*j + 6 + 3*j**g - 2*j. Let f = 3 - 5. What is x(f)?
11
Let n(o) = -o. Suppose 4*r - 18 = -5*b, 2*b - 3*r = -0*b - 2. Suppose -b*v + 80 = 3*v. Let x be (-18)/12*v/(-6). Give n(x).
-4
Let r(t) be the first derivative of t**2 - 16*t - 12. Let s(i) = i - 8. Let g(q) = -6*r(q) + 13*s(q). Calculate g(6).
-2
Let g(a) = a**3 - 7*a**2 - 7*a + 8. Let f(d) = -d**2 - 54*d - 360. Let j be f(-8). Give g(j).
16
Let z(g) be the third derivative of -31*g**4/24 - 7*g**3/2 + g**2. Let v(n) = -6*n - 4. Let o(j) = 11*v(j) - 2*z(j). Calculate o(3).
-14
Let q = 108 + -103. Let a(y) be the second derivative of 0*y**2 - y + 0 + 1/6*y**3. Determine a(q).
5
Suppose -5*y = -2 + 17. Suppose -3*r + 3*c + 8 = 4*c, 5*r + 2*c = 14. Let a(x) = 10*x**2 + 3 - 5*x + 11*x**2 - 22*x**r. What is a(y)?
9
Let w be 2/3 + 2/6. Let d(u) be the first derivative of -u**2/2 + 11. Let c(m) = 10*m + 1. Let j(s) = -c(s) - 6*d(s). What is j(w)?
-5
Let z(b) = -b + 10. Suppose 17 = m - 14. Suppose -5*a + 4 + m = 0. What is z(a)?
3
Let i = -438 - -438. Let f(l) be the first derivative of -l**4/4 - l**3/3 + l**2/2 - 11*l + 3. Calculate f(i).
-11
Let s(r) be the second derivative of r**4/12 - r**2 + r. Let j = 41 + -33. Suppose -j*l = -2*l - 0*l. Calculate s(l).
-2
Let v(x) = 73*x - 67*x - 41*x. Calculate v(1).
-35
Let d = -135 + 145. Let f(o) = o - 9. What is f(d)?
1
Let j(t) be the first derivative of -5 + 4/3*t**3 - 1/4*t**4 - 8*t + 5*t**2. What is j(6)?
-20
Let r(i) = 15*i - 17. Suppose -3*p - p = -4*o - 20, 3*p - 5*o - 19 = 0. Let y(w) = -8*w + 9. Let x(j) = p*r(j) + 5*y(j). Give x(5).
19
Suppose n + 999 = -8*n. Let o = 108 + n. Let b(q) be the third derivative of -q**6/120 - q**5/30 + q**4/6 - q**3/6 + q**2. Give b(o).
-4
Let v(u) = -136 - 7*u**2 - u**3 + 270 - 153 + 7*u. Determine v(-8).
-11
Let g(v) be the second derivative of -v**4/4 + 7*v**3/6 - v**2/2 - 613*v. Determine g(3).
-7
Let d(t) be the second derivative of 1/3*t**4 + 0 - 2/3*t**3 - 3*t + 3/2*t**2 + 1/20*t**5. Let g be (-4 + 27/6)*-10. Determine d(g).
-2
Let s(g) = -7*g - 18. Let h(o) = 3*o + 10. Let i(x) = 5*h(x) + 2*s(x). What is i(-7)?
7
Let k(q) = -7*q**2 + q. Let n(j) = j**3 - 6*j**2 + 13*j + 9. Let w(v) = -2*k(v) + n(v). Determine w(-7).
-19
Let k(d) be the second derivative of d**3/6 - 4*d**2 + 2*d. Suppose -1470*i + 1462*i + 32 = 0. Calculate k(i).
-4
Let w(i) = -i**3 + i**2 - i + 14. Let d be w(0). Suppose d + 6 = 4*p. Let t(g) = -g**3 + 5*g**2 - g - 2. Calculate t(p).
-7
Let s(o) = o - 3. Let j(b) = 2*b**2 + 43*b - 65. Let c be j(-23). Calculate s(c).
1
Let w be 4/8 + 13/2. Let p(m) = 1 - w + 5 + 0*m + 4*m. What is p(2)?
7
Suppose 7*g - 5*c - 257 = 3*g, 0 = -3*g - 2*c + 187. Suppose -g = -2*d - 203. Let o be 8/(-10) - d/25. Let b(j) = -j**3 + 5*j**2 - 2*j - 2. Give b(o).
6
Suppose -c - 4*c + m + 13 = 0, 4*m + 1 = 3*c. Suppose -12 = -z + 3*h, -c*z - 8 = -7*z + 4*h. Let w(i) = -3*i - 3. Give w(z).
6
Let i(n) = -n**2 + 1. Let y(h) = h**2 - 6*h - 32. Let q be y(-9). Let o = q + -102. Determine i(o).
0
Suppose 0 = -g - 5*q + 5, 2*q - 5 = -4*g - 3. Let k(d) be the third derivative of d**5/60 + d**3/2 + 6*d**2. Give k(g).
3
Suppose 4*q - 3*k + 8*k = 18, 3*q + 3*k = 15. Suppose -q = -2*w - 3. Let f(d) = -2*d**2 + d - 1. Calculate f(w).
-7
Let c(a) = -a**2 - 8*a - 4. Suppose -j - 5 = -t, -2*t - 1 = -4*j - 3. Let l(p) = -p**3 + 9*p**2 - 2*p + 11. Let n be l(t). Determine c(n).
3
Let h(k) = -5*k**2 - 12*k - 3. Suppose 0 = 5*c - 1 - 4. Let v(z) = -z**2 - z. Let o(u) = c*h(u) - 4*v(u). Give o(-7).
4
Let l(g) be the third derivative of 1/8*g**4 + 0 - g**2 + 0*g - 1/6*g**3. Give l(2).
5
Let c = -5 + 8. Suppose -5*j + 2*u = -4, -2*j + 0*j + 3*u - 5 = 0. Suppose j*q = 5*b + 21, -q - c = -1. Let v(n) = n + 9. Calculate v(b).
4
Let o(v) be the third derivative of -v**6/120 + 7*v**5/60 - v**4/3 + v**3 - 2*v**2 + 2*v. Give o(5).
16
Let k(g) = -9*g**3 + g**2 + 2*g + 2. Suppose m + 91*r - 89*r = -9, -r - 7 = 3*m. What is k(m)?
10
Let w(u) = -6*u**2 + 16*u + 41. Let r(n) = -5*n**2 + 14*n + 40. Let v(g) = -7*r(g) + 6*w(g). Give v(0).
-34
Let h(v) = -v**2 + 2*v + 2. Let i(l) = 5*l**2 - 5*l - 2. Let x(y) = 4*h(y) + i(y). Calculate x(-4).
10
Let g(n) = 11*n + 29*n**2 - 57*n**2 + 4 + 30*n**2 - n + 0*n. Calculate g(-4).
-4
Let g(a) = -2*a + 8. Let w(j) = 2*j - 18. Let z be w(12). What is g(z)?
-4
Suppose -2*b - 23 = -29. Let k(j) = 4*j**2 + 2 + 1332*j**3 - j - 3 - 1333*j**b. Determine k(4).
-5
Let h(g) = 5*g + 1 - g - 2*g - g**2 + 0*g. Calculate h(-4).
-23
Suppose 2*w + 3*b - 29 = 0, 30*b - 27*b - 15 = 0. Let d(q) = q**2 - 6*q - 2. Give d(w).
5
Let w(n) = n + 2. Let q = -6 + 8. Suppose -3*y - q = -o, 0*o - 3*o + 2*y = -13. Give w(o).
7
Let a(g) be the first derivative of g**4/4 + 2*g**3/3 - 5*g**2/2 - 6*g - 1. Suppose -86*h - 415 + 71 = 0. Determine a(h).
-18
Suppose -4*b = -3*t - 11, -t - 5 = -4. Let w(z) = -2*z**2 + z + 1. Calculate w(b).
-5
Let i(g) = -2*g**2 - 15*g + 5. Let d be i(-8). Let c(o) = -3*o - 10. Calculate c(d).
-1
Let k(f) be the first derivative of -f**3/3 + 3*f**2 - 3*f + 1320. Let l be (-2 - (2 - -2))/(-1). Determine k(l).
-3
Let s(t) be the first derivative of 3*t - 1/3*t**3 + 1/2*t**2 + 14. Suppose 2*v + 6 + 6 = i, -20 = 5*v. Give s(i).
-9
Let b(g) be the first derivative of 4*g**3/3 + 3*g**2/2 + 3*g - 2. Suppose 2*l = -3*i + l - 5, i = -2*l. Determine b(i).
13
Let d(y) be the first derivative of y**4/12 + 5*y**3/6 - y**2/2 - 5*y - 13. Let l(w) be the first derivative of d(w). Calculate l(-4).
-5
Let h(k) = -k**3 - 8*k**2 - 7*k + 6. Let s = 474 + -481. Calculate h(s).
6
Let a(k) be the first derivative of k**7/105 - k**5/120 - 2*k**3/3 - 33*k**2/2 + 55. Let u(x) be the third derivative of a(x). What is u(-1)?
-7
Let b(p) = -1 - 7 + p**2 + 0*p**2 + p. Let n be -4 + 0 + (10 - 9). Let c be (-3 - n - -1)*0. Calculate b(c).
-8
Let n(q) = 111*q + 225. Let o be n(-2). Let a(i) be the first derivative of -7*i - 1/2*i**2 - 1/4*i**4 + 5/3*i**3 + o. Calculate a(5).
-12
Let u(k) = 2*k - 3. Let g(l) = -4*l + 5. Let b(i) = -g(i) - u(i). What is b(5)?
8
Let r = -717 - -722. Let g(b) = -2*b**2 + 10*b + 6. Determine g(r).
6
Let o(n) = n - 2. Suppose 0 = -u + 2*u - 4*f - 2, u + 4*f - 2 = 0. Suppose x = -1, q + 5*x - 7 = -u*q. Calculate o(q).
2
Let m be 21*(-3)/(-2 + -7). Let x = m + -5. Let f(s) = -2*s**2 